-26*z**2 - 3*z - 9. Let i(u) = 2*c(u) + 5*d(u). Is i(-11) a composite number?
True
Let t(x) = 714*x**2 - 37*x + 192. Is t(5) a composite number?
True
Let p(y) = 0*y**3 + 2 - 5*y + y**3 - 1 - y**2 + 4*y. Let l be p(2). Suppose 823 = 5*m - 2*g, l*m + m = 2*g + 660. Is m composite?
False
Suppose 6*r - 24 = 2*r. Is r/((-42)/(-19187))*(1 - 0) composite?
False
Suppose 5*r = y - 383 + 2476, 4*r + 2*y - 1680 = 0. Is r a prime number?
True
Suppose -10*j + 122019 = -9521. Is j composite?
True
Suppose -5*h + 12*h = -42. Let m(s) = -s**3 - 3*s**2 + 8*s - 1. Is m(h) a prime number?
True
Is (-15)/2 + 5 - (-62754)/12 prime?
True
Is ((-15)/(-9))/(25/92760*4) prime?
False
Let s(l) = 9*l - 2*l + 3*l**2 + 0*l + 17 - 2*l. Is s(8) a composite number?
True
Suppose -5*h + 8703 = -3887. Is h prime?
False
Suppose 3*t = -4*l + 35, -l + 4*l - 10 = t. Suppose m + 6 = 5*v, 5*v = -l*m + v - 1. Is m - -2 - (-31 - -1) a composite number?
False
Let b = -215 + 137. Let y = b - -239. Is y composite?
True
Suppose -4 = 5*i - 14. Is 382/((-2 - -2) + i) a composite number?
False
Let r(j) = -60*j - 10. Let a(m) = 60*m + 11. Let v(n) = 3*a(n) + 4*r(n). Let p = 8 - 15. Is v(p) a prime number?
False
Let q(f) be the third derivative of -f**5/60 + f**4/12 + 179*f**3/6 - 3*f**2. Is q(0) composite?
False
Suppose q + f + 4 = 3*f, 5*f = -5*q + 10. Suppose z = -4*w + 87, q*w - w + 239 = 3*z. Is z a composite number?
False
Let h(p) = 206*p**2 - 53*p + 66. Is h(-37) composite?
False
Suppose 4*v = 3*n - 9, -3*v = -5*v + n - 3. Suppose h + 3*h - 599 = -a, 5*h - 3*a - 736 = v. Is h composite?
False
Let f be (-6)/33 + 316/44. Suppose -3*h - f = -19. Suppose 2*n - 163 = -3*x, 0 = h*x - 0*n - 3*n - 189. Is x a composite number?
True
Let h(u) = -4*u + 12. Let x be 29/5 - 1/(-5). Let i be h(x). Is (-860)/i - (-2)/(-3) a prime number?
True
Let l(z) = -75*z**3 + 7*z**2 + 15*z + 11. Is l(-4) a prime number?
False
Suppose 5*q - 421 = -2*j, -4*q - 2*j + 166 = -2*q. Suppose 5*a - q = 145. Let n = 267 - a. Is n composite?
True
Suppose -135 = -6*p - 51. Is p/((-1)/(-1 - (-45)/(-6))) prime?
False
Is ((-3)/12*-11558)/((-10)/(-20)) a composite number?
False
Is (649/33)/(3/873) prime?
False
Let d = 534332 - 316609. Is d composite?
True
Let t(w) = -102*w**3 - 6*w + 8*w**2 - 3*w**2 + 103*w**3 + 3. Let f be t(-6). Suppose -f*d = -874 + 205. Is d prime?
True
Suppose -4*y + 648 = 2*v, 5*v + 542 = 5*y + 2087. Suppose -w + v = -65. Is w a composite number?
False
Suppose 4 = y + 6. Let m be ((-2)/6)/(y/6). Is -4 + m - (5 + -11) prime?
True
Suppose -359 = 26*v + 239. Let u be -75 - (4/2)/(-2). Let z = v - u. Is z a prime number?
False
Let w(o) = -o**2 + 13*o - 26. Is w(8) a prime number?
False
Suppose 3*i + i + 4*t = 9764, 2*i + 5*t - 4876 = 0. Let s = -936 + i. Is s a composite number?
True
Let f be ((-12)/16)/(-1)*8. Let a(k) = -3*k**3 + 8*k**2 - 5*k + 1. Let p(b) = -2*b**3 + 7*b**2 - 5*b + 1. Let l(i) = -3*a(i) + 4*p(i). Is l(f) prime?
True
Let j = 24357 + 2270. Is j a prime number?
True
Let v(a) = -2*a**3 + 2*a**2 + 3*a - 9. Is v(-4) prime?
True
Let n(s) = -2*s**2 + 2 + 7*s + 1 + 0*s**2 + s**2. Let t be n(7). Suppose -2*c + 11 = -c + t*j, 2*j - 107 = -5*c. Is c composite?
False
Let d(o) be the second derivative of -31*o**5/20 + 5*o**4/12 + 5*o**3/6 + o**2 + 9*o. Is d(-3) a prime number?
False
Let z(x) = -1. Let t(p) be the first derivative of -39*p**2 - 4*p - 10. Let l(i) = t(i) - 5*z(i). Is l(-2) composite?
False
Suppose 25537 = 15*j - 97928. Is j a composite number?
False
Let j = -2 - -11. Let y be (15/j)/((-6)/(-18)). Suppose y*g + 0*g = 110. Is g prime?
False
Suppose -4*o + 8*o + 178355 = 5*w, 6*o = -2*w + 71342. Is w a prime number?
True
Suppose 4*h = 5*w + 11 + 2, 3*w = 2*h - 7. Let x be 5*(w - (-21)/15). Suppose -3*m = 5*j - j - 856, 0 = x*j - 3*m - 410. Is j a composite number?
False
Let t(k) = k + 10. Let h be t(-6). Suppose 148 = h*g - 0. Is g a composite number?
False
Is 28/21*1*9189/6 a prime number?
False
Let m be (-75)/(-5)*8/10. Suppose m*r = 7*r + 25. Suppose -r = k, -5*p + 1129 = k + 319. Is p a prime number?
True
Let j = 8 + -8. Suppose j = -d + 4*d + 318. Let t = d - -255. Is t a composite number?
False
Let j(b) = -469*b**2 - 15*b + 23. Let h(q) = 313*q**2 + 10*q - 15. Let f(l) = 8*h(l) + 5*j(l). Is f(1) a prime number?
False
Suppose 47*g + 213708 = 59*g. Is g composite?
True
Let u = -76 + 481. Is 6*1/3 + u a composite number?
True
Let a = 12329 - 7436. Suppose -n + 721 = 3*f - 1723, 2*n - a = -5*f. Is n prime?
True
Suppose 0 = 2*w + 3*c - 15, -w + 9 = c + c. Suppose 7*y = u + 2*y + 1046, w*y - 2106 = 2*u. Let z = u + 1643. Is z composite?
False
Let b be 169*-3*(-2 + 1). Let x be b/(-4) - 3/12. Let g = 84 - x. Is g a composite number?
False
Suppose 3*y - 7*y = 5*t + 5, 0 = -y - 5. Suppose -5 + t = -2*k. Let d(i) = 53*i**3 - i**2 + i. Is d(k) a prime number?
True
Let y = 2858 - -3860. Is y a prime number?
False
Let s be (-161)/2 - 1/(-2). Suppose -364*m - 1060 = -368*m. Let g = s + m. Is g a composite number?
True
Let c(m) = 198*m - 95. Is c(21) a prime number?
False
Suppose 0 = -4*g - 4*q - 36, 4*g - 2*q - q + 8 = 0. Let r be (-696 - g)*4/(-1). Suppose 0*a - 4*f = 4*a - r, -5*f = 0. Is a prime?
True
Suppose 190157 = 9*l - 4*l - 6*s, -4*l = -s - 152118. Is l a composite number?
True
Let y = -17 - -17. Suppose z - 32 - 54 = y. Suppose 3*i - 19 - z = 0. Is i composite?
True
Let u = -1651 + 293. Is 2 + 5/5 - u prime?
True
Suppose 0 = 4*c - 16 + 4. Suppose -166 - 473 = -c*i. Suppose -3*q - 4*l = -i, 4*q - 71 = 3*q + 5*l. Is q composite?
False
Is (-7)/(-2)*(887 + -1) composite?
True
Suppose -4*c - c = 5, 0 = -2*m + 2*c + 238. Let j = m - -81. Is j a prime number?
True
Let h = -73 - -71. Is (-508)/(-6)*(-2 + (h - -7)) prime?
False
Let h = -13 - -25. Let o(i) = 14 - h - 3 - 39*i. Is o(-6) prime?
True
Let o(y) = y**2 - 10*y - 9. Let k be o(11). Let c be (24/(-3))/(k/(-221)). Suppose -3*i - i + c = 0. Is i composite?
True
Suppose -9*b - 20350 = -140869. Is b a composite number?
True
Let m = -27809 - -68370. Is m a prime number?
False
Let i be (3*1)/(12/28). Let d be 24/i + 9/(-21). Suppose -2*w + 293 = -d*f, -5*w + f + 859 - 133 = 0. Is w composite?
True
Let n = 1226 - 987. Is n a prime number?
True
Let o(p) = 83*p**2 - 1. Suppose 4*h + 3*w - 16 = 0, -w - 5 = -h - 2*w. Let v be o(h). Let r = -45 + v. Is r prime?
True
Let v(s) = -s + 1. Let h(f) = -39*f - 1. Let c(t) = h(t) + 2*v(t). Is c(-2) a prime number?
True
Suppose 0 = 5*t - 5145 - 3310. Is t a composite number?
True
Let i(m) = -21*m**2 + 25*m + 41. Let p(w) = -11*w**2 + 13*w + 20. Let j(a) = -3*i(a) + 5*p(a). Is j(-11) composite?
True
Suppose -7*u + 9 = -6*u. Let r(s) = 23*s**2 + 3*s + 3. Is r(u) prime?
False
Suppose -3*q + 8*q - 5 = -5*d, 2*q + 6 = 0. Let y = 0 + d. Is 6/(-24) + 53/y a composite number?
False
Let k be 0 + 0 - (8 + -7). Let u = 6 + k. Suppose l + u*l - 1554 = 0. Is l prime?
False
Let l(j) = -3*j**3 + j**2 + 2*j. Let o be l(-1). Let i be (2 + -1)/(o/(-14)). Let k(a) = 13*a**2 - 5*a + 7. Is k(i) a prime number?
False
Suppose u = 4*j + 5*u - 8, j - 5 = 2*u. Suppose 0*v - j*v + 888 = 3*p, 882 = 3*p + v. Is p composite?
False
Suppose r + 4*r = 4*a - 23, 0 = a - 5*r - 17. Suppose g + 293 = a*w, w - 144 = 4*g - 15. Is w a prime number?
True
Let q(u) = -260*u - 93. Is q(-22) prime?
False
Let k(x) = -12*x**3 + 5*x**2 - 6*x - 4. Let q be (15/(-5) - (-14)/4)*-10. Is k(q) a prime number?
False
Suppose -5 = -2*x + 1. Suppose -c + x = -0. Suppose -c*r - 4*p + 183 = 0, 2*r - 47 = -5*p + 68. Is r a composite number?
True
Suppose 2*i = -2*t + 2094, -3*t + 1499 + 1614 = -4*i. Is t composite?
True
Suppose 3*n - 4*j = -2*j + 12, 2 = -2*n - 2*j. Let m(l) = 6*l**2 - 3. Is m(n) a composite number?
True
Let s be -7491 - (-1 - -5)/(-8)*2. Is s/(-21) + (-5)/3 a composite number?
True
Let q(h) be the first derivative of -3*h**4/4 - 3*h**3 - 11*h**2/2 - 11. Is q(-5) a prime number?
False
Let q(d) = -d**3 - 11*d**2 - 11*d - 2. Let i be q(-9). Let s = -25 - i. Let w = s - -37. Is w prime?
False
Suppose 5*x - 3*t + 100 - 13 = 0, -x - 4*t + 1 = 0. Is 422*(x/6 - -3) a prime number?
True
Let k(v) be the third derivative of 0 + 6*v**2 - v**3 + 0*v + 37/24*v**4. Is k(4) a composite number?
True
Suppose 4 - 1 = u. Suppose 1384 = u*h - 1295. Suppose 6*z = 6227 - h. Is z